{"id":186,"date":"2026-03-19T11:23:12","date_gmt":"2026-03-19T11:23:12","guid":{"rendered":"https:\/\/wpmarketing.pl\/?page_id=186"},"modified":"2026-03-30T12:18:04","modified_gmt":"2026-03-30T10:18:04","slug":"kontakt","status":"publish","type":"page","link":"https:\/\/gal-finanse.pl\/?page_id=186","title":{"rendered":"Kontakt"},"content":{"rendered":"\t\t<div data-elementor-type=\"wp-page\" data-elementor-id=\"186\" class=\"elementor elementor-186\" data-elementor-post-type=\"page\">\n\t\t\t\t<div class=\"elementor-element elementor-element-befab86 e-flex e-con-boxed e-con e-parent\" data-id=\"befab86\" data-element_type=\"container\" data-e-type=\"container\" data-settings=\"{&quot;background_background&quot;:&quot;classic&quot;}\">\n\t\t\t\t\t<div class=\"e-con-inner\">\n\t\t\t\t<div class=\"elementor-element elementor-element-151f0c6 elementor-widget__width-auto elementor-widget elementor-widget-heading\" data-id=\"151f0c6\" data-element_type=\"widget\" data-e-type=\"widget\" data-widget_type=\"heading.default\">\n\t\t\t\t\t<h1 class=\"elementor-heading-title elementor-size-default\">KONTAKT<\/h1>\t\t\t\t<\/div>\n\t\t\t\t<div class=\"elementor-element elementor-element-b4619ed elementor-widget elementor-widget-text-editor\" data-id=\"b4619ed\" data-element_type=\"widget\" data-e-type=\"widget\" data-widget_type=\"text-editor.default\">\n\t\t\t\t\t\t\t\t\t<p class=\"body\" dir=\"auto\" style=\"color: #ffffff;\" data-pm-slice=\"1 1 []\"><b>Masz pytania? Zadzwo\u0144 do nas ju\u017c dzi\u015b!<\/b><\/p><p class=\"body\" dir=\"auto\" style=\"color: #ffffff; --lineheightmobile: 1.3; --lineheightdesktop: 1.3; --fontsizemobile: 32px; --fontsizedesktop: 32px;\"><u><a href=\"tel:+48507764249\" target=\"_self\" rel=\"\" data-page-id=\"\"><b>+48 507 764 249<\/b><\/a><\/u><\/p>\t\t\t\t\t\t\t\t<\/div>\n\t\t\t\t\t<\/div>\n\t\t\t\t<\/div>\n\t\t<div class=\"elementor-element elementor-element-b20a228 e-flex e-con-boxed e-con e-parent\" data-id=\"b20a228\" data-element_type=\"container\" data-e-type=\"container\">\n\t\t\t\t\t<div class=\"e-con-inner\">\n\t\t\t\t<div class=\"elementor-element elementor-element-24cfbcc elementor-widget elementor-widget-google_maps\" data-id=\"24cfbcc\" data-element_type=\"widget\" data-e-type=\"widget\" data-widget_type=\"google_maps.default\">\n\t\t\t\t\t\t\t<div class=\"elementor-custom-embed\">\n\t\t\t<iframe loading=\"lazy\"\n\t\t\t\t\tsrc=\"https:\/\/maps.google.com\/maps?q=Reformacka%206%2C%20Rzesz%C3%B3w&#038;t=m&#038;z=10&#038;output=embed&#038;iwloc=near\"\n\t\t\t\t\ttitle=\"Reformacka 6, Rzesz\u00f3w\"\n\t\t\t\t\taria-label=\"Reformacka 6, Rzesz\u00f3w\"\n\t\t\t><\/iframe>\n\t\t<\/div>\n\t\t\t\t\t\t<\/div>\n\t\t\t\t\t<\/div>\n\t\t\t\t<\/div>\n\t\t\t\t<\/div>\n\t\t","protected":false},"excerpt":{"rendered":"<p>KONTAKT Masz pytania? Zadzwo\u0144 do nas ju\u017c dzi\u015b! +48 507 764 249<\/p>\n","protected":false},"author":1,"featured_media":0,"parent":0,"menu_order":0,"comment_status":"closed","ping_status":"closed","template":"page-with-title","meta":{"footnotes":""},"class_list":["post-186","page","type-page","status-publish","hentry"],"_links":{"self":[{"href":"https:\/\/gal-finanse.pl\/index.php?rest_route=\/wp\/v2\/pages\/186","targetHints":{"allow":["GET"]}}],"collection":[{"href":"https:\/\/gal-finanse.pl\/index.php?rest_route=\/wp\/v2\/pages"}],"about":[{"href":"https:\/\/gal-finanse.pl\/index.php?rest_route=\/wp\/v2\/types\/page"}],"author":[{"embeddable":true,"href":"https:\/\/gal-finanse.pl\/index.php?rest_route=\/wp\/v2\/users\/1"}],"replies":[{"embeddable":true,"href":"https:\/\/gal-finanse.pl\/index.php?rest_route=%2Fwp%2Fv2%2Fcomments&post=186"}],"version-history":[{"count":19,"href":"https:\/\/gal-finanse.pl\/index.php?rest_route=\/wp\/v2\/pages\/186\/revisions"}],"predecessor-version":[{"id":496,"href":"https:\/\/gal-finanse.pl\/index.php?rest_route=\/wp\/v2\/pages\/186\/revisions\/496"}],"wp:attachment":[{"href":"https:\/\/gal-finanse.pl\/index.php?rest_route=%2Fwp%2Fv2%2Fmedia&parent=186"}],"curies":[{"name":"wp","href":"https:\/\/api.w.org\/{rel}","templated":true}]}}